git of t?
0
Let u(q) = 62*q**3 - q**2 + q. Let b(m) = m**3 + 10*m**2 + 2*m + 21. Let s be b(-10). What is the units digit of u(s)?
2
Let f(b) = -20*b. Let z be (10/4)/((-15)/90). Let s = 14 + z. What is the units digit of f(s)?
0
Suppose -6*z = -2*w - 2*z + 52, -4*w - 5*z + 156 = 0. What is the units digit of w?
4
Let g = 6 - 7. Let y be g*6*(-3)/6. Suppose -z + 27 = -2*q + 6*q, y*q = -4*z + 17. What is the units digit of q?
7
Let d = -675 + 982. What is the tens digit of d?
0
Let h = -27 - -956. What is the hundreds digit of h?
9
Let z = -473 - -1949. What is the tens digit of z?
7
Let g(i) = -4*i + 10. Let u be g(-6). Let q = 72 - u. What is the tens digit of q?
3
Let c(h) = -h**2 - 43. Let o be c(0). Let z = o + 70. Suppose -4*k + z = -25. What is the tens digit of k?
1
Suppose a - 24 = 5*a. Let v be (a/12)/(2/(-192)). Suppose 0 = -4*s + v + 28. What is the tens digit of s?
1
Suppose n - c = 3, 4*c = 5*n + 2*c - 6. Suppose -3*w = o - 530, 5*o = -n*w + 2*w - 342. What is the tens digit of w?
7
Suppose r - 97 - 58 = 0. Suppose 3*h - r - 94 = 0. What is the units digit of h?
3
Let n(r) = 2 - 4*r + 1 - r**3 - 2*r**2 - 4 - 2. Suppose -3*h = -2*h + 3. What is the units digit of n(h)?
8
Suppose -2*d + 8*d + 54 = 0. Let o be d + 7 + 5*2. Suppose 0 = o*r - 113 - 79. What is the units digit of r?
4
Suppose 16*n - 22*n + 3366 = 0. What is the tens digit of n?
6
Let g be 6*4*(-4)/(-48). Let f(v) = v**2 + 6*v - 2 + g - v + 1. What is the units digit of f(-8)?
5
Let d(f) = 11*f**2 - 20. Let j be d(-4). Let r = j + -78. What is the units digit of r?
8
Suppose -5*a + 11 = -3*d + 1, 0 = -a + 5*d + 2. Let m(z) = 1817*z**2 + 3*z**3 - 2*z - 3 - 1817*z**2 + 2. What is the tens digit of m(a)?
1
Let x(i) = -i - 1. Let s be x(-2). Let g be s + 6 + (-44)/(-11). Let t = g - 1. What is the tens digit of t?
1
Let v be -1*(-1 - -3)*9. Let w be (-58)/v - (-10)/(-45). Suppose 0 = -o + w*n + 25, -2*o - 5*n = -0*n - 61. What is the units digit of o?
8
Suppose 0 = -13*z + 12462 + 8780. What is the hundreds digit of z?
6
Suppose -5*p + 4*m + 939 = 3*m, -2*p + 5*m = -371. What is the units digit of p/5 - 2/(-5)?
8
Let b = -26 - -28. Let v = 0 + b. Suppose 94 = 2*s - 3*r, 0 = -v*s - 2*r + 82 + 2. What is the tens digit of s?
4
Let n(o) = 4*o - 2 + 2*o - 10 + 2. Let r = -11 - -20. What is the tens digit of n(r)?
4
Let k = -4 + 6. Suppose 7 = -2*x + 3*x - j, -k*x + 21 = 5*j. Suppose -x + 119 = 5*a + 2*f, 4*f = -4*a + 96. What is the tens digit of a?
2
Let q(u) = u + 13. Suppose -7*w + 78 = -4*w. Let j = -20 + w. What is the tens digit of q(j)?
1
What is the tens digit of (3442 + -1)/(42 - 41)?
4
Suppose 0 = 342*s - 338*s - 3912. What is the hundreds digit of s?
9
Suppose -6132*h + 6131*h + 4655 = 0. What is the tens digit of h?
5
Let m = 15 + -17. Let g be (m/7)/(1/(-14)). Suppose 6*y = 4*y + g*b - 18, 2*b = 2*y + 8. What is the units digit of y?
1
Let u(f) = 999*f - 61. What is the tens digit of u(6)?
3
Let c = 2714 - 1418. What is the units digit of 8/28 + c/21?
2
Suppose -r = -20*j + 16*j - 279, 5*r = -5*j + 1420. What is the hundreds digit of r?
2
Suppose 5*m + 925 = 2*s, -36*m = -4*s - 37*m + 1817. What is the hundreds digit of s?
4
Let r(l) be the third derivative of 4*l**5/5 + l**4/12 + l**3/6 - 11*l**2. What is the tens digit of r(-1)?
4
Let p be (-36)/4*4/(-18). Suppose 0 = 2*b + p*b + 504. What is the tens digit of (3/(-9))/(3/b)?
1
What is the tens digit of 966 + -8 - 5/1 - 5?
4
Let d(i) = -i**2 - 12*i - 10. Let h(s) = 2*s**2 + 24*s + 20. Let w(b) = -5*d(b) - 2*h(b). Let k be w(-8). What is the units digit of 2*1*k/(-4)?
1
Let p = 206 + 948. What is the hundreds digit of p?
1
Suppose 0 = -4*a + p + 3375, -16*a + 3381 = -12*a - 3*p. What is the hundreds digit of a?
8
Suppose 2*y - 2 = -0*y. Let g be (y + (-36)/(-8))*-2. Let c = -9 - g. What is the units digit of c?
2
Let n(u) = -15*u + 14. Let t be n(12). Let q = 65 - t. What is the tens digit of q?
3
What is the units digit of (3 - -1) + (0 - 245/(-7))?
9
Suppose 3*g - 15453 + 3312 = y, -y - 8095 = -2*g. What is the hundreds digit of g?
0
Let k(b) = 3*b**2 - 4*b - 12. Let w(h) = -5*h**2 + 7*h + 23. Let p(s) = 11*k(s) + 6*w(s). What is the tens digit of p(4)?
4
Suppose 5*l - 4013 = -5*a + 652, -5*l + 3737 = 4*a. What is the hundreds digit of a?
9
Let j(w) = -w**2 + 13*w - 6. Let c(s) = -s. Let v(a) = 4*c(a) + j(a). Let b be v(8). Suppose 3*u + b*u - 50 = 0. What is the units digit of u?
0
Let z be (-632)/(-10) - (-2)/(-10). Suppose -3*w - 3*g = -z, -g - 15 = -w - 0*g. Suppose 5*c - 2*n + 2 = 23, 5*n + w = c. What is the units digit of c?
3
What is the hundreds digit of ((165/(-12))/5)/((-7)/336)?
1
Suppose 20*d + 9720 = 26*d. What is the units digit of d?
0
Let d(m) = 4*m**2 - 68*m + 39. Let b(q) = -q**2 + q + 1. Let v(w) = 6*b(w) + d(w). What is the units digit of v(-31)?
5
Suppose -2*z - 12 = -4*o + 152, -2*z - 124 = -3*o. Let d = o + -33. Suppose -11*v = -d*v - 272. What is the tens digit of v?
6
Let z be 3/(1 + 0/(-2)). Let d be ((-24)/(-9) + -3)/((-1)/84). Suppose -z*s + l = -d, 4*l + 22 = 3*s - 0*l. What is the tens digit of s?
1
Suppose 5*l = -z + 749, 3*z = -0*z + 12. Suppose 564 = 5*p + l. What is the units digit of p?
3
Let r(c) = -7*c - 15. Let q be r(5). Let w = -13 - q. What is the tens digit of w?
3
Let w(i) = -4*i**2 + 6*i - 6. Let b be w(2). Let t(x) = -18*x - 3. What is the hundreds digit of t(b)?
1
Suppose 3*h - 4*h + 62 = 0. Suppose 5*s - 41 = -4*d + 24, -4*d = 2*s - h. What is the units digit of d?
5
Let y(v) = v**2 - 25*v. Let x be y(25). Suppose 358 - 1354 = -3*n + 3*z, 2*z - 10 = x. What is the hundreds digit of n?
3
Let d be (-180)/(-40) + 3/(-2). Suppose 313 = 5*n + 3*c, -4*c = d*n - c - 189. What is the units digit of n?
2
Suppose -4*r + 3*r + 6*r = 0. Suppose r = -4*x + 52 + 16. What is the units digit of x?
7
Let a(n) = -2*n**2 + 69*n + 9. What is the units digit of a(13)?
8
Let l = -1679 - -3108. What is the units digit of l?
9
Let p(z) = -3*z + 1. Let a = 21 + -12. Let l = a + -16. What is the units digit of p(l)?
2
Let t be ((-4)/3 - -1) + (-231)/(-99). Suppose t*c = -2*c + 548. What is the hundreds digit of c?
1
Let z(b) = -b**2 - 11*b - 13. Let w be z(-9). Let g(p) = -20*p + 14. Let l be g(w). Let r = -57 - l. What is the tens digit of r?
2
Let i be (-2)/((3 - 2)*-2). What is the tens digit of -9 + 104 + (i - 1)?
9
Suppose -30*b = -34*b - 56. Suppose -4*n + 3*o + 39 = 0, -2*o + 15 = n - o. What is the units digit of n/(-14)*1*b?
2
Suppose 8*c - 3*c + 15 = 0. Let y be (c - -5) + -2 + 36. Let q = y + -3. What is the units digit of q?
3
Let s = -140 + 205. Suppose -3*q - s = -455. Suppose 3*v = 8*v - q. What is the units digit of v?
6
Suppose 2*q + 786 = 4*c, -4*c + 5*q = -367 - 422. What is the hundreds digit of c?
1
Let h = -97 + 52. What is the tens digit of 1*-2 - (h + 9/3)?
4
Suppose 3*q - 12 = -4*c + q, 3*c + 4*q = -1. Suppose 248 = 2*r - c*d, -3*d + 558 = 4*r + r. What is the tens digit of r?
1
Let k = 1 - -7. What is the units digit of k*1/(-2) + 68?
4
Suppose -17*m - 9171 = -20*m - 3*l, -3*l - 9 = 0. What is the tens digit of m?
6
Let a(m) = m**3 - 6*m**2 + 4. Let d be a(6). Suppose d*j + 0 = 12. Suppose 150 = 6*c - c + 2*w, c + j*w - 43 = 0. What is the tens digit of c?
2
Let f(p) = -p**3 + 9*p**2 + p - 5. Let q be f(9). Let t be (6 - 6) + q/1. What is the units digit of t/(6 + -2)*3?
3
Let w be -1*(0/6)/(-5). Suppose 13*i - 3231 - 305 = w. What is the hundreds digit of i?
2
Suppose p = j + 3*p - 140, 271 = 2*j + p. Suppose 4*h + 4*w + j = 2*h, -3*h + 2*w - 201 = 0. Let o = h + 107. What is the units digit of o?
0
Let j(l) = l**3 + 5*l**2 + 22*l - 43. What is the tens digit of j(6)?
8
Suppose -5*y = 5*m - 10020, 5*m + 3617 = -4*y + 13642. What is the hundreds digit of m?
0
Let v(k) = k**2 + 5*k + 87. What is the units digit of v(-12)?
1
Let d be 8/(10/5) - 0. What is the tens digit of (-15)/(-6)*(4 + d)?
2
Let n = 34 + -26. Let g = n - 4. Suppose -o = -1, -o + 101 = 4*d + g*o. What is the units digit of d?
4
Suppose 5*i = 5*r + 3365, 2*i + 1332 = 4*i + 5*r. What is the hundreds digit of i?
6
Let j = -18 + 11. Let i be (-58)/j + 8/(-28). What is the units digit of (34/i)/((-4)/(-16))?
7
Let y be 0*(3 - 14/4). Let o be (24/(-2 + y))/1. Let k = 18 + o. What is the units digit o